{"id":204,"date":"2025-03-11T19:23:37","date_gmt":"2025-03-11T22:23:37","guid":{"rendered":"https:\/\/bvsmig1.icict.fiocruz.br\/?page_id=204"},"modified":"2025-06-16T09:28:37","modified_gmt":"2025-06-16T12:28:37","slug":"calendario","status":"publish","type":"page","link":"https:\/\/bvsmig1.icict.fiocruz.br\/?page_id=204","title":{"rendered":"Calend\u00e1rio de aulas"},"content":{"rendered":"\t\t<div data-elementor-type=\"wp-page\" data-elementor-id=\"204\" class=\"elementor elementor-204\">\n\t\t\t\t<div class=\"elementor-element elementor-element-7da2fbaf e-flex e-con-boxed e-con e-parent\" data-id=\"7da2fbaf\" data-element_type=\"container\">\n\t\t\t\t\t<div class=\"e-con-inner\">\n\t\t\t\t<div class=\"elementor-element elementor-element-1e34582a elementor-widget elementor-widget-text-editor\" data-id=\"1e34582a\" data-element_type=\"widget\" data-widget_type=\"text-editor.default\">\n\t\t\t\t<div class=\"elementor-widget-container\">\n\t\t\t\t\t\t\t\t\t<p><strong>Dia 10\/03: <\/strong>Acesso Aberto e Reposit\u00f3rios Digitais &#8211; Claudete Fernandes (Fiocruz)<\/p><p><strong>Dia 17\/03:<\/strong> Zotero: Gest\u00e3o bibliogr\u00e1fica para uso em pesquisa &#8211; Leonardo Simonini (Fiocruz)<\/p><p><strong>Dia 24\/03: <\/strong>Dspace &#8211; Tiago Ferreira (Neki)<\/p><p><strong>Dia 31\/03:<\/strong> Preserva\u00e7\u00e3o Digital &#8211; Jo\u00e3o Guilherme e Eliane Pontes (Fiocruz)<\/p><p><strong>Dia 07\/04: <\/strong>Vocabul\u00e1rios Controlados &#8211; Marcos Miranda (Unirio)<\/p><p><strong>Dia 14\/04: <\/strong>Certifica\u00e7\u00e3o em Reposit\u00f3rios &#8211; Alex Holanda (Arquivo Nacional)<\/p><p><strong>Dia 28\/04:<\/strong> <span style=\"text-decoration: underline;\"><strong>AULA CANCELADA <\/strong><\/span>(reposi\u00e7\u00e3o no dia 12\/05<span style=\"font-size: 1rem;\">)<\/span><\/p><p><strong>Dia 05\/05: <\/strong>Recursos Educacionais Abertos e Bibliotec\u00e1rios &#8211; Val\u00e9ria Machado (Fiocruz)<\/p><p><span style=\"font-weight: bolder;\">Dia 12\/05:<\/span>\u00a0Direito Autoral em Reposit\u00f3rios &#8211; Fabricia Pimenta (Fiocruz)<\/p><p><strong>Dia 19\/05:<\/strong> M\u00e9tricas em Reposit\u00f3rios &#8211; Miguel Amorim (UFRJ)<\/p><p><strong>Dia 26\/05: <\/strong>Processo de Indexa\u00e7\u00e3o para Reposit\u00f3rios &#8211; Mariangela Fujita (UNESP)<\/p><p><strong>Dia 02\/06:<\/strong> Profissional de Informa\u00e7\u00e3o e os Reposit\u00f3rios &#8211; Claudete Fernandes e Eder Freyre (Fiocruz)<\/p><p><strong>Dia 09\/06:<\/strong> Intelig\u00eancia Artificial Documental &#8211; Elias Oliveira (UFES)<\/p><p><strong>Dia 16\/06:<\/strong> Redes de Reposit\u00f3rios Digitais: a import\u00e2ncia do trabalho colaborativo &#8211; Claudete Queiroz (Fiocruz)<\/p><p><strong>Dia 23\/06: <\/strong>No\u00e7\u00f5es de Acessibilidade &#8211; Aline Alves e Viviane Pinheiro (Fiocruz)<\/p><p><strong>Dia 30\/06: <\/strong>Princ\u00edpios FAIR e Curadoria Digital aplicados a Reposit\u00f3rios &#8211; Luana Sales (Ibict)<\/p><p><!-- \/wp:paragraph --><\/p>\t\t\t\t\t\t\t\t<\/div>\n\t\t\t\t<\/div>\n\t\t\t\t\t<\/div>\n\t\t\t\t<\/div>\n\t\t\t\t<\/div>\n\t\t","protected":false},"excerpt":{"rendered":"<p>Dia 10\/03: Acesso Aberto e Reposit\u00f3rios Digitais &#8211; Claudete Fernandes (Fiocruz) Dia 17\/03: Zotero: Gest\u00e3o bibliogr\u00e1fica para uso em pesquisa &#8211; Leonardo Simonini (Fiocruz) Dia 24\/03: Dspace &#8211; Tiago Ferreira (Neki) Dia 31\/03: Preserva\u00e7\u00e3o Digital &#8211; Jo\u00e3o Guilherme e Eliane Pontes (Fiocruz) Dia 07\/04: Vocabul\u00e1rios Controlados &#8211; Marcos Miranda (Unirio) Dia 14\/04: Certifica\u00e7\u00e3o em Reposit\u00f3rios [&hellip;]<\/p>\n","protected":false},"author":1,"featured_media":0,"parent":0,"menu_order":0,"comment_status":"closed","ping_status":"closed","template":"","meta":{"footnotes":""},"class_list":["post-204","page","type-page","status-publish","hentry"],"aioseo_notices":[],"_links":{"self":[{"href":"https:\/\/bvsmig1.icict.fiocruz.br\/index.php?rest_route=\/wp\/v2\/pages\/204","targetHints":{"allow":["GET"]}}],"collection":[{"href":"https:\/\/bvsmig1.icict.fiocruz.br\/index.php?rest_route=\/wp\/v2\/pages"}],"about":[{"href":"https:\/\/bvsmig1.icict.fiocruz.br\/index.php?rest_route=\/wp\/v2\/types\/page"}],"author":[{"embeddable":true,"href":"https:\/\/bvsmig1.icict.fiocruz.br\/index.php?rest_route=\/wp\/v2\/users\/1"}],"replies":[{"embeddable":true,"href":"https:\/\/bvsmig1.icict.fiocruz.br\/index.php?rest_route=%2Fwp%2Fv2%2Fcomments&post=204"}],"version-history":[{"count":42,"href":"https:\/\/bvsmig1.icict.fiocruz.br\/index.php?rest_route=\/wp\/v2\/pages\/204\/revisions"}],"predecessor-version":[{"id":1100,"href":"https:\/\/bvsmig1.icict.fiocruz.br\/index.php?rest_route=\/wp\/v2\/pages\/204\/revisions\/1100"}],"wp:attachment":[{"href":"https:\/\/bvsmig1.icict.fiocruz.br\/index.php?rest_route=%2Fwp%2Fv2%2Fmedia&parent=204"}],"curies":[{"name":"wp","href":"https:\/\/api.w.org\/{rel}","templated":true}]}}